me factors of 13875?
3, 5, 37
List the prime factors of 64547.
7, 9221
List the prime factors of 271.
271
What are the prime factors of 4372?
2, 1093
What are the prime factors of 1450?
2, 5, 29
What are the prime factors of 7194?
2, 3, 11, 109
What are the prime factors of 19077?
3, 6359
List the prime factors of 669.
3, 223
List the prime factors of 9895.
5, 1979
List the prime factors of 1618.
2, 809
What are the prime factors of 44971?
44971
List the prime factors of 184316.
2, 11, 59, 71
What are the prime factors of 23712?
2, 3, 13, 19
What are the prime factors of 512?
2
What are the prime factors of 350?
2, 5, 7
What are the prime factors of 3233?
53, 61
List the prime factors of 15647.
15647
What are the prime factors of 955?
5, 191
What are the prime factors of 23018?
2, 17, 677
What are the prime factors of 78910?
2, 5, 13, 607
What are the prime factors of 3775?
5, 151
List the prime factors of 1012.
2, 11, 23
What are the prime factors of 5578?
2, 2789
What are the prime factors of 20054?
2, 37, 271
List the prime factors of 1720.
2, 5, 43
What are the prime factors of 1412?
2, 353
What are the prime factors of 10697?
19, 563
List the prime factors of 460.
2, 5, 23
List the prime factors of 1598.
2, 17, 47
List the prime factors of 67439.
17, 3967
List the prime factors of 7488.
2, 3, 13
What are the prime factors of 30995?
5, 6199
What are the prime factors of 2427?
3, 809
List the prime factors of 714.
2, 3, 7, 17
List the prime factors of 8595.
3, 5, 191
What are the prime factors of 48056?
2, 6007
List the prime factors of 122341.
19, 47, 137
What are the prime factors of 57078?
2, 3, 7, 151
What are the prime factors of 129?
3, 43
List the prime factors of 1580.
2, 5, 79
What are the prime factors of 8792?
2, 7, 157
List the prime factors of 5145.
3, 5, 7
What are the prime factors of 1128?
2, 3, 47
List the prime factors of 47043.
3, 5227
What are the prime factors of 715?
5, 11, 13
List the prime factors of 34070.
2, 5, 3407
List the prime factors of 27423.
3, 11, 277
What are the prime factors of 68940?
2, 3, 5, 383
What are the prime factors of 7694?
2, 3847
What are the prime factors of 2282?
2, 7, 163
What are the prime factors of 1297?
1297
List the prime factors of 47840.
2, 5, 13, 23
What are the prime factors of 48062?
2, 7, 3433
List the prime factors of 116591.
31, 3761
What are the prime factors of 5602?
2, 2801
What are the prime factors of 256?
2
List the prime factors of 10992.
2, 3, 229
What are the prime factors of 3473?
23, 151
List the prime factors of 350.
2, 5, 7
What are the prime factors of 16059?
3, 53, 101
What are the prime factors of 47353?
47353
What are the prime factors of 5655?
3, 5, 13, 29
What are the prime factors of 26885?
5, 19, 283
List the prime factors of 94452.
2, 3, 17, 463
List the prime factors of 52581.
3, 17, 1031
List the prime factors of 79562.
2, 7, 5683
List the prime factors of 5187.
3, 7, 13, 19
List the prime factors of 45005.
5, 9001
List the prime factors of 778.
2, 389
List the prime factors of 7758.
2, 3, 431
List the prime factors of 1038.
2, 3, 173
List the prime factors of 856.
2, 107
What are the prime factors of 34193?
31, 1103
List the prime factors of 36475.
5, 1459
What are the prime factors of 5?
5
List the prime factors of 732.
2, 3, 61
List the prime factors of 20105.
5, 4021
List the prime factors of 1441.
11, 131
List the prime factors of 3429.
3, 127
What are the prime factors of 1490?
2, 5, 149
List the prime factors of 2286.
2, 3, 127
What are the prime factors of 1137?
3, 379
What are the prime factors of 926?
2, 463
List the prime factors of 1318.
2, 659
What are the prime factors of 388?
2, 97
List the prime factors of 1210.
2, 5, 11
What are the prime factors of 20108?
2, 11, 457
List the prime factors of 1580.
2, 5, 79
List the prime factors of 2492.
2, 7, 89
What are the prime factors of 131720?
2, 5, 37, 89
List the prime factors of 7896.
2, 3, 7, 47
List the prime factors of 3162.
2, 3, 17, 31
What are the prime factors of 13527?
3, 167
List the prime factors of 274.
2, 137
List the prime factors of 1264.
2, 79
List the prime factors of 1349.
19, 71
What are the prime factors of 93?
3, 31
List the prime factors of 9707.
17, 571
What are the prime factors of 9323?
9323
What are the prime factors of 186466?
2, 7, 19, 701
What are the prime factors of 1734?
2, 3, 17
List the prime factors of 621.
3, 23
List the prime factors of 2633.
2633
List the prime factors of 2466.
2, 3, 137
List the prime factors of 10436.
2, 2609
List the prime factors of 464.
2, 29
List the prime factors of 91013.
13, 7001
List the prime factors of 6082.
2, 3041
What are the prime factors of 4117?
23, 179
What are the prime factors of 7659?
3, 23, 37
What are the prime factors of 88254?
2, 3, 4903
List the prime factors of 9122.
2, 4561
What are the prime factors of 218?
2, 109
List the prime factors of 9557.
19, 503
List the prime factors of 9126.
2, 3, 13
What are the prime factors of 19831?
7, 2833
What are the prime factors of 89925?
3, 5, 11, 109
List the prime factors of 2710.
2, 5, 271
List the prime factors of 6891.
3, 2297
What are the prime factors of 1656?
2, 3, 23
What are the prime factors of 63006?
2, 3, 10501
List the prime factors of 2354.
2, 11, 107
List the prime factors of 22818.
2, 3, 3803
What are the prime factors of 274?
2, 137
List the prime factors of 16333.
16333
List the prime factors of 4483.
4483
What are the prime factors of 3904?
2, 61
What are the prime factors of 40924?
2, 13, 787
List the prime factors of 17705.
5, 3541
What are the prime factors of 13310?
2, 5, 11
List the prime factors of 10774.
2, 5387
List the prime factors of 1431.
3, 53
What are the prime factors of 3391?
3391
What are the prime factors of 16129?
127
What are the prime factors of 9065?
5, 7, 37
What are the prime factors of 1592?
2, 199
What are the prime factors of 12297?
3, 4099
What are the prime factors of 6458?
2, 3229
List the prime factors of 1456.
2, 7, 13
What are the prime factors of 344?
2, 43
List the prime factors of 5507.
5507
What are the prime factors of 5954?
2, 13, 229
What are the prime factors of 2900?
2, 5, 29
What are the prime factors of 1990?
2, 5, 199
What are the prime factors of 1647?
3, 61
What are the prime factors of 287?
7, 41
List the prime factors of 780.
2, 3, 5, 13
What are the prime factors of 6315?
3, 5, 421
What are the prime factors of 10811?
19, 569
What are the prime factors of 6035?
5, 17, 71
What are the prime factors of 6295?
5, 1259
List the prime factors of 550.
2, 5, 11
What are the prime factors of 2336?
2, 73
What are the prime factors of 7678?
2, 11, 349
List the prime factors of 458.
2, 229
What are the prime factors of 47?
47
List the prime factors of 26112.
2, 3, 17
List the prime factors of 17874.
2, 3, 331
List the prime factors of 5742.
2, 3, 11, 29
List the prime factors of 990.
2, 3, 5, 11
List the prime factors of 11871.
3, 1319
List the prime factors of 6660.
2, 3, 5, 37
List the prime factors of 9393.
3, 31, 101
What are the prime factors of 131?
131
List the prime factors of 6541.
31, 211
What are the prime factors of 1989?
3, 13, 17
List the prime factors of 16150.
2, 5, 17, 19
What are the prime factors of 204?
2, 3, 17
What are the prime factors of 301?
7, 43
What are the prime factors of 10395?
3, 5, 7, 11
List the prime factors of 19176.
2, 3, 17, 47
List the prime factors of 15943.
107, 149
What are the prime factors of 65142?
2, 3, 7, 11, 47
What are the prime factors of 1923?
3, 641
What are the prime factors of 16130?
2, 5, 1613
List the prime factors of 1331.
11
List the prime factors of 867.
3, 17
List the prime factors of 11209.
11, 1019
List the prime factors of 348.
2, 3, 29
List the prime factors of 514.
2, 257
What are the prime factors of 2954?
2, 7, 211
List the prime factors of 4146.
2, 3, 691
What are the prime factors of 35757?
3, 29, 137
What are the prime factors of 9162?
2, 3, 509
What are the prime factors of 8025?
3, 5, 107
What are the prime factors of 94387?
37, 2551
List the prime factors of 4920.
2, 3, 5, 41
List the prime factors of 174438.
2, 3, 11, 881
List the prime factors of 2518.
2, 1259
List the prime factors of 1052.
2, 263
List the prime factors of 224.
2, 7
What 